Calculate the remainder when 28338253 is divided by 6361.
6359
Calculate the remainder when 903260 is divided by 4125.
4010
What is the remainder when 1150731 is divided by 139?
89
Calculate the remainder when 223322 is divided by 4377.
95
Calculate the remainder when 11341068 is divided by 2268213.
3
What is the remainder when 7896 is divided by 2427?
615
Calculate the remainder when 11730665 is divided by 7953.
7943
What is the remainder when 10849 is divided by 1125?
724
Calculate the remainder when 603469 is divided by 50276.
157
Calculate the remainder when 4888427 is divided by 23.
7
Calculate the remainder when 296359 is divided by 9353.
6416
Calculate the remainder when 20773726 is divided by 1091.
1086
Calculate the remainder when 330564 is divided by 109212.
2928
What is the remainder when 103137073 is divided by 6949?
15
What is the remainder when 76557809 is divided by 3584?
3569
Calculate the remainder when 3356599 is divided by 162.
121
What is the remainder when 1597296 is divided by 29579?
30
What is the remainder when 1313662 is divided by 222?
88
Calculate the remainder when 94309 is divided by 2780.
2569
What is the remainder when 123203210 is divided by 4?
2
What is the remainder when 15259 is divided by 3657?
631
Calculate the remainder when 182448 is divided by 45451.
644
Calculate the remainder when 25903 is divided by 261.
64
What is the remainder when 20792030 is divided by 26319?
20
Calculate the remainder when 34361 is divided by 1381.
1217
What is the remainder when 22601 is divided by 4196?
1621
Calculate the remainder when 62096 is divided by 2889.
1427
What is the remainder when 622182 is divided by 56551?
121
What is the remainder when 373747 is divided by 391?
342
What is the remainder when 33451529 is divided by 1406?
1383
What is the remainder when 5099976 is divided by 6273?
27
What is the remainder when 10674804 is divided by 170?
164
What is the remainder when 5402528 is divided by 3996?
3932
Calculate the remainder when 1943750947 is divided by 44.
39
What is the remainder when 14292 is divided by 13657?
635
Calculate the remainder when 7414142 is divided by 741408.
62
What is the remainder when 96239 is divided by 1462?
1209
Calculate the remainder when 36806 is divided by 242.
22
Calculate the remainder when 1042349 is divided by 201.
164
What is the remainder when 31218 is divided by 3860?
338
Calculate the remainder when 84307 is divided by 3371.
32
Calculate the remainder when 954806 is divided by 20.
6
What is the remainder when 3385 is divided by 3177?
208
What is the remainder when 8291515 is divided by 9859?
96
Calculate the remainder when 906456 is divided by 53.
50
What is the remainder when 312507 is divided by 818?
31
What is the remainder when 2627875 is divided by 23?
10
What is the remainder when 10014761 is divided by 1844?
1841
Calculate the remainder when 4221101 is divided by 14.
3
What is the remainder when 83316 is divided by 1572?
0
What is the remainder when 682862 is divided by 17070?
62
Calculate the remainder when 479057274 is divided by 2257.
2253
Calculate the remainder when 93023 is divided by 6648.
6599
Calculate the remainder when 476597 is divided by 2535.
17
What is the remainder when 1551022 is divided by 36066?
184
Calculate the remainder when 72948 is divided by 363.
348
What is the remainder when 263835 is divided by 43951?
129
Calculate the remainder when 359879 is divided by 17137.
2
Calculate the remainder when 63026440 is divided by 1873.
1863
Calculate the remainder when 158615 is divided by 39337.
1267
Calculate the remainder when 305916 is divided by 302.
292
Calculate the remainder when 11003 is divided by 640.
123
What is the remainder when 404186 is divided by 200803?
2580
What is the remainder when 277254 is divided by 101?
9
Calculate the remainder when 886248 is divided by 106.
88
Calculate the remainder when 247013 is divided by 1198.
225
Calculate the remainder when 2532692 is divided by 1289.
1096
What is the remainder when 2230746 is divided by 482?
50
What is the remainder when 2442941 is divided by 215?
111
What is the remainder when 1387128 is divided by 5063?
4929
What is the remainder when 5147090 is divided by 1260?
1250
What is the remainder when 1444283 is divided by 37021?
464
Calculate the remainder when 49538260 is divided by 36.
28
Calculate the remainder when 20801145 is divided by 11467.
7
What is the remainder when 13888218 is divided by 610?
348
What is the remainder when 59727 is divided by 817?
86
What is the remainder when 807911997 is divided by 125?
122
What is the remainder when 41844888 is divided by 1256?
1248
What is the remainder when 597058 is divided by 298493?
72
What is the remainder when 41212 is divided by 39696?
1516
What is the remainder when 16330222 is divided by 6447?
6418
Calculate the remainder when 14916328 is divided by 1065.
1003
What is the remainder when 23251892 is divided by 11702?
18
What is the remainder when 163296 is divided by 39052?
7088
What is the remainder when 1226266932 is divided by 212?
208
What is the remainder when 1402671 is divided by 868?
851
What is the remainder when 1566882 is divided by 124?
18
What is the remainder when 140938 is divided by 17601?
130
What is the remainder when 75116 is divided by 37552?
12
Calculate the remainder when 11519624 is divided by 417.
416
Calculate the remainder when 254653 is divided by 211.
187
Calculate the remainder when 81989487 is divided by 3355.
3352
Calculate the remainder when 498081 is divided by 166016.
33
What is the remainder when 488831433 is divided by 1585?
1583
Calculate the remainder when 86944583 is divided by 7245381.
11
Calculate the remainder when 8530 is divided by 5453.
3077
What is the remainder when 1979873 is divided by 168?
161
What is the remainder when 2801833 is divided by 233475?
133
Calculate the remainder when 386146998 is divided by 50.
48
What is the remainder when 121517 is divided by 20237?
95
Calculate the remainder when 18034817 is divided by 9017388.
41
What is the remainder when 176897 is divided by 710?
107
What is the remainder when 157765 is divided by 14246?
1059
What is the remainder when 87413 is divided by 10865?
493
What is the remainder when 1594746 is divided by 748?
10
What is the remainder when 24253180 is divided by 4042195?
10
Calculate the remainder when 68515 is divided by 2113.
899
Calculate the remainder when 7000966 is divided by 3500483.
0
What is the remainder when 797634 is divided by 1389?
348
What is the remainder when 285756 is divided by 679?
576
Calculate the remainder when 543835 is divided by 890.
45
Calculate the remainder when 184082 is divided by 92040.
2
What is the remainder when 323318 is divided by 145?
113
Calculate the remainder when 1719878 is divided by 700.
678
Calculate the remainder when 155777 is divided by 287.
223
What is the remainder when 12541 is divided by 2201?
1536
Calculate the remainder when 1218253 is divided by 609105.
43
What is the remainder when 122951 is divided by 2994?
197
What is the remainder when 90159 is divided by 87390?
2769
Calculate the remainder when 33148648 is divided by 5524771.
22
Calculate the remainder when 4784627 is divided by 2682.
2621
Calculate the remainder when 1460283 is divided by 24749.
92
Calculate the remainder when 7699838 is divided by 897.
887
Calculate the remainder when 76215 is divided by 2939.
2740
What is the remainder when 431377 is divided by 3784?
1
Calculate the remainder when 39461630 is divided by 63.
5
What is the remainder when 187717 is divided by 1547?
530
Calculate the remainder when 1175748 is divided by 11638.
310
What is the remainder when 2857 is divided by 21?
1
Calculate the remainder when 63997 is divided by 969.
43
Calculate the remainder when 94070 is divided by 46978.
114
Calculate the remainder when 1039271 is divided by 140.
51
Calculate the remainder when 670727 is divided by 167463.
875
Calculate the remainder when 2880444 is divided by 450.
444
Calculate the remainder when 758331 is divided by 2317.
672
Calculate the remainder when 54581892 is divided by 1138.
1136
Calculate the remainder when 47474 is divided by 200.
74
What is the remainder when 2353425 is divided by 391?
387
What is t